 - 261. Calculate the highest common divisor of m and 153.
9
Suppose 323 = -14*h + 955 + 754. What is the greatest common divisor of h and 77?
11
Suppose 2*x + 10 = 0, -9*j + 13*j - 4*x = 46720. Calculate the highest common factor of 25 and j.
25
Suppose 5*n - 30 = 9*y - 10*y, -12 = -2*n + 5*y. Suppose 3*w = -n*w + 72. What is the highest common divisor of 512 and w?
8
Let l(z) = -76*z**3 + 6*z**2 - 21*z - 21. Let g be l(-1). Calculate the greatest common factor of g and 26568.
82
Let p = 272 + -387. Let d = -44 - p. Suppose m = 17 + d. Calculate the highest common factor of 11 and m.
11
Let c(h) = -8*h**3 + h**2 - 10*h**3 + 17*h**3 + 5. Let f be c(0). Let v = -1496 - -1501. Calculate the greatest common factor of f and v.
5
Suppose 90*z + 0 + 5 = 91*z. Suppose 3*f - 6*f - 24 = 0. Let p(o) = 2*o**2 + 8*o + 1. Let t be p(f). What is the greatest common factor of z and t?
5
Let f = 21343 - 5652. What is the greatest common divisor of f and 71?
71
Suppose 24*q - 1223 = -359. Let j(v) = -v + 52. Let i be j(q). Calculate the greatest common divisor of i and 368.
16
Suppose 73*v - 536 = 75*v. Let b = -263 - v. What is the greatest common factor of 7 and b?
1
Let g = 16005 - 15669. Calculate the highest common factor of 952 and g.
56
Suppose -4*x + 2296 = 5*z - x, -1392 = -3*z + 3*x. Suppose -722 - z = -7*l. Calculate the highest common factor of l and 13.
13
Let r(y) = 8*y**2 - 17*y + 13. Let c(h) = -5*h**2 + 9*h - 6. Let u(g) = 5*c(g) + 3*r(g). Let a be u(-6). Calculate the greatest common factor of 117 and a.
9
Let p(h) be the second derivative of -5*h**3/6 + 37*h**2/2 + 7*h - 2. Let o be p(-2). What is the highest common factor of o and 376?
47
Suppose 7*o + 40 = 9*o. Let h be 8/o + 48/(-20). Let v be (14/(-35))/(h/520). Calculate the greatest common divisor of v and 13.
13
Suppose 5*o = -53 + 188. Suppose -3*v + 5*s + 2987 = 0, v + 1579*s - 993 = 1582*s. Calculate the greatest common factor of o and v.
27
Let k = 644 + -612. Suppose -i = 4*j - 3*j, -2*j - i = -1. Calculate the highest common factor of k and j.
1
Suppose -3257 = -4*l + s, -l - 448 + 1267 = -5*s. Suppose 4*y = t - 54, -t + 473 - 374 = 5*y. What is the highest common factor of t and l?
74
Let z(x) = 6*x - 5. Let w(j) = -36*j + 28. Let t(l) = 6*w(l) + 34*z(l). Let p be t(-2). Calculate the highest common factor of 704 and p.
22
Suppose q = -4*r - 2, 4*q + 6*r - 6 = 4*r. Suppose -5*x - 5*t = -35, -q*t + 26 = x + 4*x. Let m = 183 + -181. What is the highest common divisor of m and x?
2
Suppose v = 2*f + 33182, 20*v - 16*v + 5*f - 132806 = 0. Calculate the highest common divisor of 14 and v.
14
Suppose 5 = l, 5*f - 593*l = -598*l + 3940. Suppose 0*b = 3*b - 261. Calculate the greatest common factor of f and b.
87
Suppose t + 17 = v, 4*v + 5*t - 32 = -0*t. Suppose v*n + 3 = 172. What is the greatest common divisor of n and 52?
13
Suppose -4*g - 6932 = -3*h, 107 = -2*g + 91. Calculate the highest common factor of 23 and h.
23
Let u be (-1 - 437)/(133/(-133)). What is the highest common divisor of u and 246?
6
Suppose 5*d + 0*d - 2*r = -98, -4*d - 79 = -r. Let z be 360/d*(-30)/4. Calculate the highest common divisor of 315 and z.
45
Let l = 16319 - 14544. Calculate the highest common factor of l and 25.
25
Let g(p) = p**3 + 33*p**2 - 69*p + 51. Let b be g(-35). Calculate the highest common factor of b and 256.
16
Suppose 5*p = 3*o - 16, 4*p + 23 = -3*o + 2*o. Let g = -4 - o. Let s be (8 - -1)*(-3)/g. Calculate the highest common factor of 81 and s.
27
Let m be ((-6)/(30/8165))/((-3)/15). Calculate the highest common factor of 213 and m.
71
Let y(q) = -75*q - 374. Let w be y(-9). Calculate the greatest common factor of 35 and w.
7
Let o(i) = i**3 - 31*i**2 + 113*i - 8. Let r be o(4). What is the highest common divisor of r and 1884?
12
Let c = -3922 + 5416. What is the greatest common factor of 36 and c?
18
Let d be 14/(-8) + 22436/1264. Calculate the greatest common factor of d and 43.
1
Let n be (72/(-1))/(-13 + 198/18). What is the greatest common factor of 354 and n?
6
Let w = 154 - 152. Suppose -w*g + 0*g = -38. What is the highest common factor of g and 304?
19
Let g be ((-468)/(-16))/(6 - (-71700)/(-11952)). What is the greatest common factor of g and 83?
83
Let w be (1/2)/((-2)/(-76)). Let g be 3 - 32/12 - (-346)/6. Suppose z = 5*h - 284, g = h + 4*z - 3*z. What is the greatest common factor of w and h?
19
Suppose -135*a + 4482 = -259*a + 142*a. Calculate the highest common factor of a and 3.
3
Let r(p) = 44*p - 7. Let y(q) = q. Let c be y(3). Let m be r(c). Suppose 0 = 60*o - 59*o - 25. Calculate the greatest common factor of o and m.
25
Suppose y - 1044 - 200 = -5*q, -y - 506 = -2*q. What is the greatest common divisor of 10 and q?
10
Suppose 2*s = -s - 9. Let m(n) = 3*n**2 + 4*n + 8. Let g be m(s). What is the highest common divisor of g and 23?
23
Let i(m) = -m**3 - m**2 + 4*m + 8. Let p be i(-6). Let g = -132 + p. Calculate the greatest common factor of g and 24.
8
Let j be -8 + 538*8/112*21. Calculate the greatest common divisor of j and 170.
17
Suppose 74*r + 15730 = 5*h + 76*r, -3*h + 5*r + 9438 = 0. Calculate the highest common factor of 195 and h.
13
Suppose 30*m - 60397 - 11887 = -4*m. Calculate the greatest common divisor of m and 2.
2
Suppose -2*r + 104 = -r. Let v = r - 29. Let p = -50 + v. What is the highest common divisor of 50 and p?
25
Let k be (-1)/(-6)*(639 - -105). Let v = 1066 + -756. Calculate the greatest common factor of v and k.
62
Let x = -38 - -43. Let o(w) = -x*w + 3 + 12*w - w**3 + w**2 - 6. Let k be o(-6). Calculate the greatest common divisor of k and 23.
23
Suppose -2*c + 11200 = 3*n, -12*c = -8*c + 3*n - 22418. Calculate the highest common divisor of 158 and c.
79
Suppose 71*o = 74*o + b - 217, 3*o - 245 = -5*b. Calculate the greatest common factor of o and 10115.
35
Suppose -19*b + 22*b = 3*u + 72, b - 12 = -3*u. Let j = 36 + -22. What is the greatest common divisor of j and b?
7
Let h(b) = 3*b - 162. Let l(o) = 2*o - 158. Let z(r) = 5*h(r) - 6*l(r). Let t be z(-16). Calculate the greatest common factor of t and 50.
10
Let y be (-56)/(-12)*54/42 - -1. Suppose 5*k + 2*n - 1496 - 69 = 0, 2*k = 2*n + 640. Suppose -3*b - 2*b = -k. What is the greatest common factor of b and y?
7
Let i be (-3 - 79)/((-4)/2). Suppose 2*d - 2*k - 86 = 0, k = 4*d - d - 119. Suppose -i = -w - d. Calculate the greatest common divisor of 6 and w.
3
Let h be 100/3*((-10)/4 + -2). Let c be 407/15 + 20/h. Suppose 50 = 7*w - c. What is the greatest common divisor of 99 and w?
11
Let n(c) = -2 + 2 + 8 + 42*c**2 - 2 - c - 1. Let g be n(-2). Calculate the highest common divisor of 25 and g.
25
Let j(k) = -5*k**2 + 8*k + 2*k + 3 - 4*k + 2*k**3 - 5. Let b be j(2). Let a be (2 - (2 + -8)) + -2 + 0. What is the greatest common divisor of a and b?
6
Let t(h) = -18*h**3 + 3*h**2 + 60*h + 111. Let y be t(-2). Calculate the highest common divisor of y and 4704.
147
Suppose 1360*y + 134932 = 1388*y. What is the highest common factor of 1027 and y?
79
Suppose -408 - 183 = -3*p - 2*c, 5*c = -5*p + 990. Calculate the highest common divisor of p and 611.
13
Suppose 0 = 343*o - 342*o - 39. Suppose 11*z + 3 = 14*z, 0 = 5*r + 4*z - o. Let h be -2*(-1)/2*7. What is the greatest common divisor of r and h?
7
Let s = 279 - 303. Let j be s/56 - 591/(-7). Suppose -r = -4*r + 36. Calculate the highest common factor of j and r.
12
Suppose 0 = 2*v + 2*v + 4. Let m(u) = 10*u**2 + u + 2. Let i be m(v). Suppose i*r + 42 = 14*r. Calculate the highest common divisor of 2 and r.
2
Let p = 32681 - 19695. Calculate the highest common factor of p and 172.
86
Let g be 2/(-3) + (-154)/(-6). Let b be (-5)/(g/(-172))*5. Suppose -i = 2*v - 88, -2*i + 8 = 2*i. Calculate the highest common divisor of b and v.
43
Suppose 0 = -5*r + 4*k + 391, 3*k = 26*r - 21*r - 387. Suppose 72*x = r*x - 924. Let p be (-175)/(-4) - (-2)/8. What is the greatest common divisor of x and p?
44
Let h(f) = -5*f - 23. Let b be h(-5). Suppose -m - b*m + 90 = -3*j, -4*j + 48 = 2*m. Let v = -105 + 175. Calculate the greatest common factor of v and m.
14
Suppose 29*g - 34*g + 3639 = -s, -5*g = -5*s - 3635. What is the greatest common factor of g and 392?
56
Let l(s) = -74651*s + 1567676. Let k be l(21). Suppose w + z = -0*z + 8, 2*w - z = 1. Su